- 68?
11f
In base 15, what is 3b2605 - -4?
3b2609
In base 5, what is -4330 + 2314?
-2011
In base 16, what is 11 + 59f?
5b0
In base 15, what is 2558c - 9?
25583
In base 6, what is -50553 - 334?
-51331
In base 15, what is -1ee614 - -3?
-1ee611
In base 11, what is 34 - -706?
73a
In base 4, what is 1101 - 23013?
-21312
In base 11, what is 101 + -1540?
-143a
In base 16, what is -9e + 1e4e?
1db0
In base 7, what is -456 - -236?
-220
In base 3, what is 10111001111100 - 0?
10111001111100
In base 14, what is 6 - -7aa6b?
7aa73
In base 16, what is 418 - -596?
9ae
In base 11, what is 54 + 4?
58
In base 13, what is 70aa7 - -a?
70ab4
In base 8, what is -304415 + 15?
-304400
In base 13, what is 8bb + 30?
91b
In base 5, what is -201 - -1201?
1000
In base 3, what is -2 - 1001010011111?
-1001010011120
In base 8, what is -227640 - 0?
-227640
In base 6, what is 333 + 2325?
3102
In base 10, what is -1 + 141234?
141233
In base 14, what is 838 + -18?
820
In base 13, what is -35 - b17?
-b4c
In base 2, what is 11001101101 + 11001?
11010000110
In base 14, what is 38a11a - 1?
38a119
In base 7, what is -6356602 - 4?
-6356606
In base 15, what is -44b + -945?
-d91
In base 16, what is -b - -77a?
76f
In base 9, what is -70 + 1065?
885
In base 10, what is 24 - -857?
881
In base 15, what is 0 - 120a40?
-120a40
In base 2, what is 11011010000000100000 + 10?
11011010000000100010
In base 8, what is 57727 - 4?
57723
In base 2, what is -110000111 + -1110001001?
-10100010000
In base 11, what is -477a - -2?
-4778
In base 15, what is 95 + -de?
-49
In base 2, what is 10010 - 111011000?
-111000110
In base 11, what is -347 + -58?
-3a4
In base 7, what is 113 + -1223?
-1110
In base 11, what is -29128 + -5?
-29132
In base 5, what is -2 + 313013?
313011
In base 5, what is 3 - 1031333?
-1031330
In base 14, what is -2840 + -85?
-28c5
In base 3, what is -2111101121001 + 2?
-2111101120222
In base 7, what is 0 - -345310?
345310
In base 4, what is -3030 - 33?
-3123
In base 2, what is 11001 - 1101001000111?
-1101000101110
In base 4, what is 12212 - 1010001?
-331123
In base 11, what is -1093a61 + -1?
-1093a62
In base 8, what is -2502 + -132?
-2634
In base 12, what is 4 - 561384?
-561380
In base 3, what is -120002 - -200?
-112102
In base 14, what is 0 - -9459?
9459
In base 13, what is 291b56 + 4?
291b5a
In base 8, what is -530431 - 12?
-530443
In base 12, what is 1303 - -333?
1636
In base 8, what is 34 - -4715?
4751
In base 15, what is 88569 - 3?
88566
In base 7, what is 524 - -3205?
4032
In base 9, what is -321 + -1203?
-1524
In base 8, what is -34135156 - 4?
-34135162
In base 10, what is -11503 - 52?
-11555
In base 5, what is 0 + 31231?
31231
In base 3, what is 1001000001 - 22?
1000222202
In base 13, what is 8 - -1322b?
13236
In base 12, what is -531 + 10?
-521
In base 3, what is 2000200011 + -10?
2000200001
In base 11, what is 5a097 + -4?
5a093
In base 12, what is -659 + -67b?
-1118
In base 11, what is -68a376 - 4?
-68a37a
In base 16, what is e67 + -11?
e56
In base 8, what is -116075 + 2?
-116073
In base 2, what is 10000100010011111 - -11?
10000100010100010
In base 13, what is 5 + 107641?
107646
In base 9, what is 1648265 + 5?
1648271
In base 3, what is -21 - -10202100?
10202002
In base 12, what is 9 + 528b?
5298
In base 2, what is 1001011 - -1001100011?
1010101110
In base 6, what is 1 - -31241204?
31241205
In base 6, what is 31432341 - 2?
31432335
In base 16, what is 8 - e4b1?
-e4a9
In base 16, what is 211 - -f1?
302
In base 14, what is 14 + -454?
-440
In base 11, what is 1 + 33221?
33222
In base 3, what is -1210220 + 21002?
-1112211
In base 15, what is -ab - bd6?
-c92
In base 9, what is -26 + -432?
-458
In base 7, what is -11062226 + 3?
-11062223
In base 11, what is 4 - -2a2aa?
2a303
In base 10, what is 2 - -2387?
2389
In base 4, what is 231231130 + 3?
231231133
In base 3, what is -2002002222 - -211?
-2002002011
In base 14, what is 16d1 - 20?
16b1
In base 13, what is -256 - -65?
-1c1
In base 2, what is -110001000101011111001 + -10?
-110001000101011111011
In base 13, what is -142 + -761?
-8a3
In base 10, what is 69472 + 39?
69511
In base 10, what is -3504 + 59?
-3445
In base 8, what is 6235 + 1?
6236
In base 9, what is -251843 - 26?
-251870
In base 7, what is -201226 + -2?
-201231
In base 8, what is -225734 - -4?
-225730
In base 14, what is 54 + -57a?
-526
In base 13, what is -4 - -3a7158?
3a7154
In base 14, what is 4 - -181027?
18102b
In base 5, what is 2421133 + 10?
2421143
In base 10, what is 2 + -40681?
-40679
In base 6, what is 43151454 + -5?
43151445
In base 12, what is 9743 - 16?
9729
In base 2, what is 1111 - -1010010000010?
1010010010001
In base 7, what is -200520 + 13?
-200504
In base 5, what is -2 + -1100113?
-1100120
In base 2, what is 1110110011101 - -1111?
1110110101100
In base 10, what is 3798 - -85?
3883
In base 12, what is 1 + 71208?
71209
In base 16, what is -c5b - 3?
-c5e
In base 15, what is -48e + 20?
-46e
In base 4, what is 10110101 + -101?
10110000
In base 13, what is -164 + -16b?
-302
In base 10, what is 3 - 23484?
-23481
In base 2, what is -100000111111101 - 11?
-100001000000000
In base 16, what is 38dabd - 0?
38dabd
In base 14, what is -3706c + 4?
-37068
In base 16, what is -67c6 - 7d?
-6843
In base 9, what is -340784 - 1?
-340785
In base 13, what is -20 - 1166?
-1186
In base 15, what is 1bd5 - -2d1?
1eb6
In base 15, what is 3 - -26ccbe?
26ccc2
In base 11, what is -136737 - -5?
-136732
In base 9, what is 5746 - -206?
6053
In base 6, what is 14225312 + 0?
14225312
In base 14, what is -11d6 + 2?
-11d4
In base 10, what is -27503 - 0?
-27503
In base 2, what is 1010001000010111000 - 0?
1010001000010111000
In base 7, what is -2312 + 411?
-1601
In base 16, what is 0 - 33f2?
-33f2
In base 10, what is 72764 - 18?
72746
In base 14, what is 55199 + 11?
551aa
In base 9, what is 1375 + -132?
1243
In base 9, what is -5 + 2534626?
2534621
In base 10, what is 80 - -18699?
18779
In base 5, what is 4404142 + 3?
4404200
In base 7, what is -351035 - -2?
-351033
In base 3, what is -1221111210 + 11?
-1221111122
In base 11, what is 53 - 4846?
-47a3
In base 15, what is -3c7a + -16?
-3c91
In base 15, what is b269 - 1?
b268
In base 5, what is -3 + 40420243?
40420240
In base 6, what is -3132 - -20150?
13014
In base 11, what is 11a4221 + 0?
11a4221
In base 7, what is 1153441 + -3?
1153435
In base 5, what is -4 - -13200114?
13200110
In base 11, what is -728a9 - -1a?
-7288a
In base 7, what is -11033 + 2?
-11031
In base 8, what is 1 - -541101?
541102
In base 13, what is -1521 + 26?
-14c8
In base 8, what is 2 - 32510?
-32506
In base 15, what is 1d + -1436?
-1418
In base 3, what is 1100102221020 - 11?
1100102221002
In base 6, what is -444 - -135?
-305
In base 12, what is 48 + -1717?
-168b
In base 9, what is 11143 - 37?
11105
In base 16, what is 534 - 14?
520
In base 15, what is 9223 - 9c?
9176
In base 4, what is -2 + -1001321130?
-1001321132
In base 8, what is -53 + 11001?
10726
In base 5, what is -13 - -14240242?
14240224
In base 9, what is 10655 - 55?
10600
In base 7, what is -24 + -4203?
-4230
In base 16, what is -1a + -2722?
-273c
In base 7, what is 364216 - 3?
364213
In base 6, what is -1020432 + 3?
-1020425
In base 12, what is -2 - -1a6bb?
1a6b9
In base 9, what is 2075 - -51?
2136
In base 12, what is -432326 - 5?
-43232b
In base 5, what is 242020111 + -1?
242020110
In base 15, what is -19 - -230cd?
230b4
In base 9, what is -1784 - -277?
-1506
In base 3, what is 220220122 - 1?
220220121
In base 8, what is 107241 - 67?
107152
In base 12, what is 740a5 + 1?
740a6
In base 2, what is 1010010101101111101 - 0?
1010010101101111101
In base 6, what is -14113 - -425?
-13244
In base 4, what is 2302 - -2201130?
2210032
In base 3, what is -2 - -10220222?
10220220
In base 11, what is -781 + 3171?
24a0
In base 15, what is 1621c6 - 0?
1621c6
In base 10, what is 2 + -580345?
-580343
In base 4, what is 113122 + -103?
113013
In base 4, what is -11212211 - -120?
-11212031
In base 4, what is 103013 + -20?
102333
In base 13, what is a6 + -1b?
88
In base 11, what is 0 - -14848?
14848
In base 3, what is -1210220 - 1020?
-1212010
In base 8, what is -3 - -505017?
505014
In base 2, what is 1 - -100100000101000110?
100100000101000111
In base 7, what is -2053 - -352?
-1401
In base 14, what is -c - -1d496?
1d488
In base 12, w